{"id":6,"date":"2010-07-02T06:17:51","date_gmt":"2010-07-02T06:17:51","guid":{"rendered":"http:\/\/jias.euke.sk\/?page_id=6"},"modified":"2011-03-17T15:43:41","modified_gmt":"2011-03-17T13:43:41","slug":"publikovanie-prispevkov","status":"publish","type":"page","link":"https:\/\/jias.euke.sk\/?page_id=6","title":{"rendered":"Publikovanie pr\u00edspevkov"},"content":{"rendered":"<p>Pr\u00edspevky sa prij\u00edmaj\u00fa v slovenskom, \u010deskom, po\u013eskom a anglickom jazyku. V pr\u00edspevkoch v slovenskom a \u010deskom jazyku sa doporu\u010duje preklad n\u00e1zvu pr\u00edspevku, abstraktu a k\u013e\u00fa\u010dov\u00fdch slov v anglickom jazyku. V pr\u00edspevkoch p\u00edsan\u00fdch v inom jazyku sa doporu\u010duje preklad n\u00e1zvu pr\u00edspevku, abstraktu a k\u013e\u00fa\u010dov\u00fdch slov v slovenskom, resp. anglickom jazyku.<br \/>\nPr\u00edspevok za\u010d\u00edna n\u00e1zvom, nap\u00edsanom v riadku, po ktorom nasleduj\u00fa men\u00e1 autorov (aj s titulmi) nap\u00edsan\u00e9 tu\u010dn\u00fdmi p\u00edsmenami, ich adresy, kr\u00e1tky abstrakt, k\u013e\u00fa\u010dov\u00e9 slov\u00e1 nap\u00edsan\u00e9 v\u00a0dvoch st\u013apcoch, text \u010dl\u00e1nku je p\u00edsan\u00fd v jednom st\u013apci.<br \/>\nV\u00a0celkovom z\u00e1vere sa doporu\u010duje uv\u00e1dza\u0165 n\u00e1v\u00e4znos\u0165 na rie\u0161en\u00e9 grantov\u00e9 projekt resp. v\u00fdskumn\u00e9 \u00falohy, poznatky, sk\u00fasenosti a\u00a0probl\u00e9my praxe.<\/p>\n<p>Pr\u00edspevok je potrebn\u00e9 p\u00edsa\u0165 v\u00fdhradne pod\u013ea prilo\u017eenej <a href=\"https:\/\/jias.euke.sk\/wp-content\/uploads\/2010\/07\/sablona.doc\">\u0161abl\u00f3na<\/a>.<\/p>\n<p>Literat\u00fara sa uv\u00e1dza pod\u013ea STN 01 01 97 \u2013 ISO 960.<br \/>\nRozsah pr\u00edspevkov m\u00e1 by\u0165<strong> 4 &#8211; 10 str\u00e1n A4<\/strong> spracovan\u00fdch v \u0161abl\u00f3ne. V\u00e4\u010d\u0161\u00ed rozsah pr\u00edspevku je nutn\u00e9 vopred dohodn\u00fa\u0165 s\u00a0technicko-organiza\u010dn\u00fdm redaktorom.<br \/>\n<strong>Prispevky zasielajte vo formate *.doc\/*.docx<\/strong> .<\/p>\n<p>Redakcia si vyhradzuje pr\u00e1vo uverejnenia resp. neuverejnenia pr\u00edspevku. Autori doru\u010dia svoje pr\u00edspevky vo form\u00e1te MS Word prostredn\u00edctvom elektronickej po\u0161ty na adresu <a href=\"mailto:redakcia.jias@euke.sk\">redakcia.jias@euke.sk<\/a>. Pr\u00edspevky musia by\u0165 vypracovan\u00e9 pod\u013ea pokynov redakcie. <strong>Pr\u00edspevky nie s\u00fa honorovan\u00e9. <\/strong>\u010casopis neprech\u00e1dza jazykovou \u00fapravou. Za obsahov\u00fa a jazykov\u00fa str\u00e1nku pr\u00edspevku redakcia nenesie zodpovednos\u0165.<\/p>\n<p>Publikovanie \u010dl\u00e1nkov alebo ich \u010dasti, uverejnen\u00fdch v \u010dasopise Journal of Innovations and Applied Statistics, v in\u00fdch pr\u00edspevkoch je v zmysle \u00a7 33 ods.1, p\u00edsm. a) Autorsk\u00e9ho z\u00e1kons \u010d.618\/2003 Z.z. bez s\u00fahlasu ich autorov zak\u00e1zan\u00e9.<\/p>\n","protected":false},"excerpt":{"rendered":"<p>Pr\u00edspevky sa prij\u00edmaj\u00fa v slovenskom, \u010deskom, po\u013eskom a anglickom jazyku. V pr\u00edspevkoch v slovenskom a \u010deskom jazyku sa doporu\u010duje preklad n\u00e1zvu pr\u00edspevku, abstraktu a k\u013e\u00fa\u010dov\u00fdch slov v anglickom jazyku. V pr\u00edspevkoch p\u00edsan\u00fdch v inom jazyku sa doporu\u010duje preklad n\u00e1zvu pr\u00edspevku, abstraktu a k\u013e\u00fa\u010dov\u00fdch slov v slovenskom, resp. anglickom jazyku. Pr\u00edspevok za\u010d\u00edna n\u00e1zvom, nap\u00edsanom v riadku, [&hellip;]<\/p>\n","protected":false},"author":1,"featured_media":0,"parent":0,"menu_order":3,"comment_status":"closed","ping_status":"open","template":"","meta":{"footnotes":""},"class_list":["post-6","page","type-page","status-publish","hentry"],"_links":{"self":[{"href":"https:\/\/jias.euke.sk\/index.php?rest_route=\/wp\/v2\/pages\/6","targetHints":{"allow":["GET"]}}],"collection":[{"href":"https:\/\/jias.euke.sk\/index.php?rest_route=\/wp\/v2\/pages"}],"about":[{"href":"https:\/\/jias.euke.sk\/index.php?rest_route=\/wp\/v2\/types\/page"}],"author":[{"embeddable":true,"href":"https:\/\/jias.euke.sk\/index.php?rest_route=\/wp\/v2\/users\/1"}],"replies":[{"embeddable":true,"href":"https:\/\/jias.euke.sk\/index.php?rest_route=%2Fwp%2Fv2%2Fcomments&post=6"}],"version-history":[{"count":9,"href":"https:\/\/jias.euke.sk\/index.php?rest_route=\/wp\/v2\/pages\/6\/revisions"}],"predecessor-version":[{"id":21,"href":"https:\/\/jias.euke.sk\/index.php?rest_route=\/wp\/v2\/pages\/6\/revisions\/21"}],"wp:attachment":[{"href":"https:\/\/jias.euke.sk\/index.php?rest_route=%2Fwp%2Fv2%2Fmedia&parent=6"}],"curies":[{"name":"wp","href":"https:\/\/api.w.org\/{rel}","templated":true}]}}